e -21 = 8*p - 61. Suppose -p*j + 77 = 3*s, 3*j + 68 = 2*s - 2*j. Suppose 1317 = 2*h + 5*l - s, h - l = 673. Is h composite?
False
Suppose 80955 - 475 = 4*t - 5*a, 80472 = 4*t - 3*a. Is t + 82 - 6*1 a composite number?
True
Is ((7 - 4) + 7601)/(12/69) a composite number?
True
Let a(r) be the second derivative of -2*r - 1/12*r**4 - r**2 + 5/6*r**3 + 0 + 1/10*r**5. Is a(3) composite?
True
Let l be 66/(-44) + 50/(-4). Let o(k) = -5 + 2 + 2*k - 31*k. Is o(l) prime?
False
Let t(q) be the first derivative of 47*q**3/3 - 21*q**2/2 - 11*q + 79. Is t(-6) prime?
False
Is (1 - (-4)/(-8))/(5/11292910) prime?
False
Let k = 214181 + -117030. Is k a prime number?
True
Suppose -139 - 141 = -8*l. Let k = 176 + l. Is k a prime number?
True
Suppose -480400 = -5*h + 5*k, 3*k = h - 2*h + 96084. Is h composite?
True
Is 427857292/4832 - (2/(-4) - 1/(-8)) prime?
True
Suppose 0 = -15*g + 6*g - 36. Let s(v) = -12*v**2 + 8*v - 17. Let z(w) = -12*w**2 + 9*w - 17. Let k(p) = g*z(p) + 3*s(p). Is k(10) a prime number?
True
Suppose 2*b - 12 = -0*p - 4*p, 2*b + 18 = 2*p. Let j(c) = c + 8. Let s be j(b). Suppose -1775 - 3357 = -s*m. Is m prime?
True
Is (-2 - ((-28)/5 + 3)) + (-25071834)/(-435) a composite number?
False
Let g(y) = -316*y + 2843. Is g(-80) prime?
True
Suppose -30*a = -7*a + 1834311 - 8330914. Is a a composite number?
False
Let y = 78 - 55. Suppose -8*l + 9 = -y. Is 1706/l*(-9 + 23) composite?
True
Let j = 11 + -11. Suppose -3*i + 10 = 3*h + 31, j = 2*h - 2*i + 10. Let g(z) = -36*z - 15. Is g(h) a composite number?
True
Let v = 531 + -530. Is v*(-8)/14 - (-2081652)/84 a composite number?
False
Suppose -2*r - u + 159 = -0*r, -4*u + 156 = 2*r. Is (1801072/r - -16) + 2/(-5) composite?
True
Suppose 16*w - 76 - 244 = 0. Let n be 0 + 0 + 0 - -2. Suppose -w = 4*q, 2*q - 4266 = -n*m - 2*m. Is m a prime number?
True
Let x be (2/2)/((-4)/(-18048)). Let j = x - 3206. Is j prime?
False
Is (19135 - 16) + 30/(-3) a prime number?
False
Suppose j - 4*q - 65 = 0, -5*j + 253 = 5*q - 7*q. Suppose -o - 4*r + 3203 = 0, -46*r + 6417 = 2*o - j*r. Is o composite?
True
Let u = -47 - -88. Suppose -5*t = -u - 234. Suppose -4*w = -301 - t. Is w composite?
False
Suppose -103 = -4*u + 269. Let c = u - 88. Suppose -3*j + 0*s + 4007 = s, -c*j + 6681 = s. Is j composite?
True
Suppose 224091 + 230649 = -39*g. Let q = g - -16833. Is q prime?
False
Suppose 3*g - 8*g = -29215. Suppose -2*p - l + g = 0, 3*p + 0*l = -5*l + 8768. Is p a prime number?
False
Suppose 2*f = 3*l + 18, -f - 2*l - 2*l = 13. Suppose -g + 2*d = 7*d - 1540, -f*d - 1580 = -g. Let t = -646 + g. Is t a composite number?
False
Suppose -43869 = -b + 2*d, -3*b - 1080*d + 131577 = -1076*d. Is b composite?
True
Suppose 27 = 12*r + 3. Suppose -r*t = -3*z + 5677, 5*z = t - 4*t + 9487. Is z a prime number?
False
Suppose 33*m = -26*m - 8*m + 5350687. Is m composite?
False
Is (4605/(-30))/((-566)/2780 + (-2)/(-10)) a composite number?
True
Suppose 19*u + 17*u = 663667 + 6264497. Is u a prime number?
False
Suppose 5*z = -10, 27 + 13 = 4*b - 2*z. Suppose 2*q - b = 13. Suppose 0 = q*o - 8*o - 5541. Is o a composite number?
False
Suppose -96795 = 87*m - 96*m. Suppose 5*x + 0*x - m = 5*q, 4*x + 3*q = 8618. Is x a composite number?
False
Suppose 0 = 2*v - 4*x + 50392, -5*v = -4*x - 10936 + 136946. Is ((-3)/6*v)/(33/11) a prime number?
True
Let r = 890 + 34. Suppose -20*h = -17*h - r. Suppose 137 + h = n. Is n a prime number?
False
Is 4155872/48 - (0 - (-10)/6) prime?
True
Suppose -447248 = -3*w - 6*w - 7*w. Is w composite?
False
Let j = 1197807 - 754324. Is j a prime number?
False
Is 267838/(-3)*(7/(-42)*0 + -3) a prime number?
False
Suppose 7157 = 23*c - 231100. Let t = -3502 + c. Is t a prime number?
True
Let j(s) = 2*s**3 - 123*s**2 + 59*s + 123. Let b be j(61). Suppose -4*c = -h + 6071, -c - 2*h - 1521 = h. Is -1 - c - (-4 - (b + -9)) prime?
False
Suppose 66*k + 3193781 - 22771163 = 0. Is k a prime number?
True
Suppose -2*n + 540316 = 2*w - 0*w, 0 = 2*n - 5*w - 540309. Is n composite?
False
Suppose 0 = -4*l - 4*w + 76, 5*l - 2*w - 95 = -0*w. Let n(i) = 11*i**2 - 8*i - 150. Is n(l) prime?
False
Let i(l) = l**3 + 11*l**2 + 9*l - 8. Let k be i(-10). Suppose -2*p - k = -p. Is (-3)/p - (-7329)/6 a composite number?
False
Let m = 37364 - 18937. Is m a composite number?
False
Let f = 763450 - 174429. Is f a prime number?
True
Let s be 2/4*(32 - -10). Suppose -s*f + 3030 = -29961. Is f prime?
True
Suppose -4*j = -5*i - 2500, 5*i = -j + 4*i + 616. Let t = j + 1175. Is t a composite number?
True
Let v = 473 - 472. Let i(p) = 1988*p - 15. Is i(v) prime?
True
Suppose -8*p - 15469 = -3*p + 4*q, 0 = -3*p + 2*q - 9277. Let f = p - -10961. Suppose 3*z = -z + f. Is z composite?
True
Suppose -2*k - 22 = -3*s - 0*s, -4*s - 4 = 4*k. Suppose s*r - 16792 - 17556 = 0. Suppose -3*x = -2504 - r. Is x a composite number?
False
Suppose 0 = -64*q - 32*q + 3835360 + 2456960. Is q a composite number?
True
Is (-105967)/2*((-6 - -6) + 2)*-1 composite?
False
Suppose 60*g - 3640 = 25*g. Suppose 0 = -107*k + g*k + 55869. Is k a composite number?
True
Suppose 3*g + 4*y = 245617, y - 102138 - 61595 = -2*g. Is g a composite number?
True
Suppose 14*j = 10*j + 24. Suppose -7*t = -j*t + 43. Let v = t - -53. Is v composite?
True
Let g = 136 - -42. Let h be -1 - -1 - (-12 + 5). Suppose -5*d - g = -h*d. Is d a composite number?
False
Let s(g) be the third derivative of -g**5/12 - 19*g**4/24 - 19*g**3/6 - 14*g**2. Let a(c) be the first derivative of s(c). Is a(-7) prime?
False
Let h(v) = 5091*v**2 - 14*v - 44. Is h(-3) prime?
True
Is 9*(-77)/(-63) - -25550 a prime number?
True
Suppose -16*m - 34308 = -28*m. Let a = 7770 - m. Is a prime?
False
Let c(t) = 105*t**3 - 16*t**2 + 28*t - 226. Is c(7) composite?
False
Suppose -46 = -4*r - 2*u, 2*r - r + 4*u + 6 = 0. Let s = -16 + r. Is -238*(4 - (-9)/s) a composite number?
True
Suppose 5*n - 5181 - 1164 = 0. Let i = 6320 - n. Is i a composite number?
False
Is ((-15589425)/1020)/(10/(-488)) composite?
True
Is (4/(-22))/(130/(-48958195)) a prime number?
True
Let o(d) = 3542*d**3 - 2*d**2 + 2*d - 1. Let v(q) = -q**3 - 16*q**2 - 30*q - 27. Let w be v(-14). Is o(w) prime?
True
Suppose v = f - 2575, 3558 = 5*f - 3*v - 9315. Let m = 4627 - f. Is m a prime number?
True
Let t be -196 - (40/(-4))/2. Let w = -64 - t. Is w a prime number?
True
Suppose 4*k - 42 = -6. Let n be ((-37486)/(-6) - 2) + 3/k. Is (3/(-2))/((-27)/n) composite?
False
Let p(m) = -30*m**2 - 67*m - 250. Let i(d) = -11*d**2 - 22*d - 83. Let z(o) = 11*i(o) - 4*p(o). Is z(16) composite?
True
Let g(p) = 71552*p - 10477. Is g(10) a prime number?
True
Let w = 142862 - 74107. Is w a prime number?
False
Is ((-25)/(-10))/((-6)/(-118788)) - (4 - 10) composite?
True
Suppose -216*t - 173180 = -214*t. Let d = t + 145191. Is d composite?
False
Suppose 4*f - 10*f + 419449 + 5489 = 0. Is f prime?
True
Let p = 138553 + 27988. Is p composite?
False
Suppose -3*w - 2*k = w - 6, 3*w - 5*k + 15 = 0. Suppose -2 = -3*n - 2*s - w, -4*s - 8 = 0. Suppose -n*p + 4425 = 5*a - 8158, 5*a - 12590 = 5*p. Is a composite?
True
Let k = 102236 - 68894. Suppose 9*y - k = 14871. Is y a prime number?
False
Suppose -4*q + 63674 = -17*q. Let r = q + 9217. Is r a composite number?
True
Let n = 1758 + -451. Suppose -3*b - n = -20870. Is b prime?
True
Let c(j) = -52*j + 17. Let t = -30 - -11. Let a(r) = r**3 + 20*r**2 + 19*r - 6. Let z be a(t). Is c(z) a composite number?
True
Suppose -h - 3*w - 34565 = -231544, -984775 = -5*h + 5*w. Is h a prime number?
True
Let a = -276 - -250. Is 153195/65 + (-4)/a a composite number?
False
Let f be (-225)/(-30) + (-10)/4. Suppose 0*u - 1973 = -4*b - f*u, u + 969 = 2*b. Is b a prime number?
True
Suppose -17571 = -5*d + 3*m, -2*m + 3522 = d - 0*m. Suppose a + 5*o + d = -a, -a = -3*o + 1747. Let x = -494 - a. Is x a composite number?
False
Is ((-784)/(-280))/(2/108995) composite?
True
Let k(c) = 7*c + 19. Let p be k(-2). Let b(z) be the second derivative of 11*z**4/3 - z**3 + 3*z**2/2 - 4*z. Is b(p) a composite number?
True
Suppose 64*h = 68*h - 4*p - 211664, 2*h + p = 105811. Is h a composite number?
True
Suppose -75*l = 4*m - 74*l - 2065616, 0 = 2*m + 4*l - 1032822. Is m composite?
True
Let d(n) = -3*n + 17. Let r be d(4). Suppose 5*x - r = -5*j, 3*x + 0*j - 18 = 2*j. Is 3714/14 + x/(-14) a 